et u be 0 - -5*(3 - 2). Let n = 1213 + -1214. Let r(l) = n*s(l) + u*m(l). Give r(4).
-5
Let r be (60/(-8))/((-6)/(-12)). Let a(f) = -f**2 - 15*f - 20. Calculate a(r).
-20
Let p(v) = -v + 17 + 3*v - 18 + 0*v. Let r(o) = -o + 1. Let g be r(-1). Give p(g).
3
Let q(z) be the third derivative of z**6/120 + z**5/10 - 7*z**4/6 + 4*z**3/3 + 97*z**2. What is q(-9)?
17
Let q(c) = -c + 1. Let m(b) = -5*b + 8*b**2 - 48*b**3 + 7 + 47*b**3 + 3 + 2*b - 6. Let t(f) = -m(f) - 6*q(f). What is t(7)?
4
Let p(s) = 2*s**3 - 5*s**2 - 18*s + 2. Let w(z) = 10*z**3 - 24*z**2 - 97*z + 12. Let x(j) = -11*p(j) + 2*w(j). Determine x(4).
2
Let g = 17209 + -17190. Let k(l) = -2*l**2 + 39*l - 5. What is k(g)?
14
Let o(z) be the second derivative of z**5/10 - 53*z**4/12 - 29*z**3/6 + z**2 - 61*z - 17. What is o(27)?
-52
Let j(n) = 17*n - 20. Let g(t) = 110*t - 1759. Let s be g(16). Determine j(s).
-3
Suppose 0 = -10*d + 15*d - 10. Suppose d*o - 25 = -1. Let f(y) = 5 - 3*y - 3 - 3 + o*y. Give f(2).
17
Let l = 49 - 65. Let z be (828/(-96))/(-23) - (-70)/l. Let t(p) be the third derivative of -p**6/120 - p**5/15 + p**4/8 + 5*p**3/6 + 3*p**2. Give t(z).
-7
Suppose -756*v + 94 = -803*v. Let d(s) = 82*s + 168. Determine d(v).
4
Let j(r) = -r**3 - 21*r**2 + 48*r + 42. Suppose -2*i + 45 = -104 + 195. Give j(i).
-4
Suppose -h + 59 = 4*k, -4*k + 37 + 13 = -2*h. Let t(m) = 3*m - 42. What is t(k)?
0
Let z(i) = -9*i**2 + 5*i - 130. Let s(c) = 34*c**2 - 21*c + 489. Let w(x) = -4*s(x) - 15*z(x). Suppose 0 = -8*d + 3*d + 40. Give w(d).
2
Let q(u) = u + 5. Let a(d) = d + 9. Suppose 127 + 57 = 46*z. Let i(g) = z*a(g) - 5*q(g). What is i(7)?
4
Let q(s) be the first derivative of -s**3/3 + 6*s**2 + 11*s - 77707. Let b = -20 - -33. Give q(b).
-2
Let b(k) be the second derivative of k**3/2 + 12*k**2 - 2*k - 585. Give b(-8).
0
Let s(d) = 10*d + 110. Suppose 19*f = -0*f - 322 + 132. Give s(f).
10
Let t(d) = 14*d - 720. Let l be t(51). Let r(i) = i**2 + 5*i + 7. Give r(l).
13
Suppose -5 + 0 = v. Let c(h) = -17*h**2 - 18*h - 84. Let u(z) = 5*z**2 + 6*z + 23. Let x(y) = -2*c(y) - 7*u(y). What is x(v)?
12
Let k(j) = j**3 - 9*j**2 - 8*j + 31. Let h be ((-1 - -1) + (-14)/98*3)*-21. Calculate k(h).
-41
Let p(k) = 4*k**3 + 15*k**2 + 2*k - 17. Let o(m) = 3*m**3 + 11*m**2 + 2*m - 16. Let n(i) = 5*o(i) - 4*p(i). What is n(-6)?
12
Let m(t) = -3*t**2 - 4*t + 1. Suppose 2*r = 16*b - 12*b + 12, 4*r = -3*b + 2. Suppose r*q - 3 = a, 3*a = q - 12 + 3. Determine m(a).
-14
Suppose -o + 2*v = 69, 3*o = -3*v + 2*v - 193. Let y = o - -67. Let p be (-1)/(y/10 + (-15)/200). Let i(u) = u**3 + 7*u**2 - 8*u. Give i(p).
0
Let m(h) = -20*h**3 - h. Let l be (-48)/(-1*6/(-13 - -1)). Let t be -8*6/l*(-1 - -3). Calculate m(t).
-21
Let a(p) = 2*p**2 - 5*p + 37. Let n be a(-10). Let q = n + -291. Let v(x) = x**3 + 5*x**2 + 5*x + 2. Determine v(q).
-2
Let t(o) be the first derivative of 5/2*o**2 + 31 + 0*o. Suppose 2 = -2*g, 0*l + 2 = -l - g. Give t(l).
-5
Let f(g) = -11*g - 27. Suppose -160*n - 5*b - 12 = -159*n, n = -2*b - 12. Give f(n).
105
Let v(z) = z**3 + 7*z**2 + 7*z - 4. Let t = -105 + 148. Let n = t + -49. Calculate v(n).
-10
Let j(y) be the first derivative of -1/4*y**4 + 62 - 9/2*y**2 + 5*y - 10/3*y**3. Calculate j(-9).
5
Let g be ((82/(-6))/(-1))/((-13)/39). Let y = g + 39. Let m(n) = n - 2*n**2 + 3*n + 3 + n**2. Determine m(y).
-9
Let l = 3416 - 3404. Let t(s) = -s**3 + 9*s**2 + 36*s + 4. Give t(l).
4
Let o(f) be the second derivative of f**3/2 + 3*f**2/2 + 2*f. Let r = 10 + -10. Suppose r*l = 2*l - 2, l + 2 = j. Give o(j).
12
Let n be ((-340)/(-1530))/((-1)/(-18)). Let u(o) = 9*o - 19. Give u(n).
17
Let k(x) be the second derivative of -x**3/2 + 4*x**2 - 3*x + 82. Let z = -13 - -17. Determine k(z).
-4
Let n(s) = 6*s**3 - s**2 + 2*s + 5. Suppose 92*o - 94*o = -2*v + 14, -4*v = -3*o - 23. What is n(v)?
53
Let p(k) = 98*k**2 - 50*k + 17. Let w(r) = -97*r**2 + 45*r - 15. Let b(l) = -10*p(l) - 11*w(l). What is b(1)?
87
Let n(q) = q**3 + 3*q - 18. Let i be 0 + (-7 - -3) + (3 - (18 + -19)). Give n(i).
-18
Suppose -149*j = -85*j + 192. Let g(q) = 6*q + 21. Determine g(j).
3
Let y(u) = -3*u + 62. Suppose 4*f - 69 = -v - 1, 3*f - v = 58. Determine y(f).
8
Let i = -1 - -1. Let w(x) = -5*x**3 - 2*x**2 - 2*x + 7. Let q(s) = 7*s**3 + 3*s**2 + 3*s - 10. Let a(r) = 3*q(r) + 4*w(r). Determine a(i).
-2
Let x(c) = 3*c - 7. Let j(i) = -i**2 - 14*i + 146. Let q be j(7). What is x(q)?
-10
Let q(i) = -8*i - 2 + 2 + 2 + 24*i**3 - 19*i**3 + 3 + 11*i**2. Let v(u) = -5*u**3 - 13*u**2 + 10*u - 6. Let f(x) = -6*q(x) - 5*v(x). Determine f(-1).
6
Let n(v) be the second derivative of v**5/20 - v**4/3 - v**3/6 + v**2 - 5358*v. Let z be (1 + 2)*8/3. Suppose 0 = -2*w + z. What is n(w)?
-2
Let a(u) be the third derivative of -u**6/120 + 4*u**5/15 + 2*u**4/3 + u**3/2 - 473*u**2. Determine a(17).
-14
Let q(n) = n**2 - 7. Let y(w) = w**3 - 8*w**2 + 10*w - 1. Let d be y(7). Let f = d - -12. Let p = f - 37. What is q(p)?
18
Let k(u) = u + 9. Let f = -482 - -706. Let p = 219 - f. What is k(p)?
4
Let m(i) = 266*i + 268. Let c be m(-1). Let l(k) = -9*k**2 + k + 1. What is l(c)?
-33
Let d(b) = 317*b**3 - 100*b**2 - 6*b - 190. Let f(t) = 198*t**3 - 67*t**2 - 4*t - 127. Let y(p) = -5*d(p) + 8*f(p). What is y(-36)?
6
Let l(h) be the third derivative of 0*h + 0*h**3 + 1/120*h**6 - 1/60*h**5 + 0 + 0*h**4 + 70*h**2. Calculate l(0).
0
Let p(c) = c**3 + 6*c**2 - c + 8. Let q be p(-6). Suppose -q*w = -4*w + 60. Let l be ((-21)/14*1)/(w/8). Let b(o) = o**2 - 2*o + 3. Determine b(l).
3
Let d(l) be the second derivative of l**5/15 - l**4/12 - l**3/3 - 3*l**2/2 + l - 4. Let a(f) be the first derivative of d(f). What is a(2)?
10
Let g(w) be the third derivative of -w**4/8 - 5*w**2. Let d(n) = n**3 + 16*n**2 - 17*n + 2. Let u be d(-17). Suppose 2*r = -u*r + 8. Calculate g(r).
-6
Let k = -2301 - -2296. Suppose 3*b + 9 = 4*r, 3*b - b - 10 = 0. Let h(v) = -7 + v**2 + r*v + 10 - 6. What is h(k)?
-8
Let a(m) be the third derivative of -m**6/120 - 13*m**5/60 - 19*m**4/24 + 14*m**3/3 - 5727*m**2. Determine a(-11).
-5
Let k(p) = p**2 + 8*p + 9. Let a be k(-6). Let j(f) be the third derivative of f**6/120 + f**5/20 + f**3/6 + 86*f**2 + 145*f - 1. What is j(a)?
1
Let m(o) = -5*o + 6. Suppose -a + 4 = 0, 2*a = 4*c - a + 20. Let s(w) = -4*w + 6. Let l(f) = c*m(f) + 3*s(f). Calculate l(5).
-4
Let n(i) be the second derivative of 1/12*i**4 + 2*i**2 + 0 - 2*i - 2/3*i**3. Let l = 41288 + -41283. Calculate n(l).
9
Let q(l) = -4 - 654*l + 1968*l + 12 - 659*l - 656*l. Calculate q(7).
1
Let k = 5 + -59. Suppose 244 = -4*p + 2*d, -4*d = -2*p - d - 118. Let j = p - k. Let z(m) = -m**3 - 9*m**2 - 9*m - 8. Determine z(j).
0
Let v(i) = -9*i + 1. Suppose -3*s + 3*o + 134 + 67 = 0, -2*s + 5*o + 131 = 0. Let g = s + -40. Let c = g + -29. Give v(c).
10
Let a(v) = -v**3 - 29967 - 29957 + 59926 - 8*v**2. Determine a(-7).
-47
Let j(d) = 10 - 7*d + 8*d + d. Let o be j(-4). Let c(h) = 0*h**2 + 8*h + h**o - h**2 + h**2 + 9. Determine c(-7).
2
Let x(s) = 8*s - 106. Suppose -537*g + 4114 = -2330. Determine x(g).
-10
Suppose 3 = 6*u + 15. Let b be (-1 + u/6)*(-21)/(-14). Let w be (14 + b)*-4*1/(-6). Let m(x) = -2*x + 11. Calculate m(w).
-5
Let r(s) = -2*s + 1 - 2 + 0. Let b(d) = -7*d**2 + 0 + 5*d + 6*d**2 - 15*d - 7. Let l be b(-9). Give r(l).
-5
Let j(r) = -26*r + 1327. Let z be j(51). Let y(s) be the first derivative of -8*s**3 - s**2/2 + s + 2. Determine y(z).
-24
Let b(a) = 0*a - 5 - 1 + a. Let v(w) = 10*w + 177. Suppose -m = -3*x - 56, 2 = 2*x - 3*m + 51. Let t be v(x). What is b(t)?
1
Suppose 34 = 3*z - 4*p, 2*z + 4*p + 1 = -3. Let m(v) = -3 - 2*v + z - 9. Determine m(-6).
6
Let x = 218 + -216. Let k(w) = 1 + 44*w**2 + 0*w**3 - x*w**3 - 94*w**2 + 54*w**2. Let m(i) = i + 9. Let l be m(-6). Give k(l).
-17
Let k be (-5 + 14 + 4/(-8))*6. Suppose -10*l + 49 = -k. Let v(d) = -d + 1. Calculate v(l).
-9
Let t(m) = -74*m - 81*m + 297*m - 244 - 80*m - 52*m. What is t(25)?
6
Suppose 15*d + 302 - 347 = 0. Suppose d = 2*a + 1. Let x(q) = q**2 + 2*q - 1 - 17*q**3 - q + 4*q**3. What is x(a)?
-12
Let x(h) = -51*h**3 + 47*h**2 + 51*h + 13. Let c(r) = -14*r**3 + 12*r**2 + 13*r + 3. Let y(j) = -11*c(j) + 3*x(j). Calculate y(-7).
34
Let o(b) = -b**3 + 7*b**2 - 7*b - 4. Let j be 92/1334 - (402/(-58))/1. Determine o(j).
-53
Let m